4?
3
What is the remainder when 2809 is divided by 150?
109
Calculate the remainder when 120 is divided by 33.
21
Calculate the remainder when 422 is divided by 93.
50
Calculate the remainder when 863 is divided by 54.
53
What is the remainder when 3239 is divided by 81?
80
What is the remainder when 263 is divided by 14?
11
What is the remainder when 150 is divided by 15?
0
What is the remainder when 95 is divided by 53?
42
What is the remainder when 3884 is divided by 35?
34
Calculate the remainder when 76 is divided by 10.
6
What is the remainder when 216 is divided by 110?
106
Calculate the remainder when 1229 is divided by 44.
41
Calculate the remainder when 609 is divided by 100.
9
Calculate the remainder when 146 is divided by 25.
21
Calculate the remainder when 103 is divided by 28.
19
Calculate the remainder when 896 is divided by 45.
41
Calculate the remainder when 4101 is divided by 108.
105
Calculate the remainder when 171 is divided by 94.
77
What is the remainder when 462 is divided by 89?
17
Calculate the remainder when 552 is divided by 181.
9
What is the remainder when 1096 is divided by 55?
51
Calculate the remainder when 251 is divided by 105.
41
Calculate the remainder when 1038 is divided by 26.
24
What is the remainder when 21 is divided by 16?
5
Calculate the remainder when 564 is divided by 396.
168
Calculate the remainder when 1186 is divided by 11.
9
What is the remainder when 187 is divided by 8?
3
Calculate the remainder when 101 is divided by 37.
27
What is the remainder when 169 is divided by 44?
37
Calculate the remainder when 158 is divided by 44.
26
What is the remainder when 184 is divided by 68?
48
Calculate the remainder when 1796 is divided by 257.
254
Calculate the remainder when 1146 is divided by 145.
131
What is the remainder when 1607 is divided by 14?
11
What is the remainder when 179 is divided by 30?
29
What is the remainder when 155 is divided by 53?
49
What is the remainder when 37 is divided by 22?
15
What is the remainder when 290 is divided by 66?
26
Calculate the remainder when 348 is divided by 171.
6
What is the remainder when 31 is divided by 12?
7
Calculate the remainder when 441 is divided by 201.
39
Calculate the remainder when 407 is divided by 70.
57
What is the remainder when 5055 is divided by 32?
31
What is the remainder when 148 is divided by 42?
22
Calculate the remainder when 15937 is divided by 11.
9
What is the remainder when 171 is divided by 31?
16
What is the remainder when 330 is divided by 67?
62
Calculate the remainder when 176 is divided by 50.
26
What is the remainder when 7194 is divided by 257?
255
Calculate the remainder when 1389 is divided by 231.
3
What is the remainder when 178 is divided by 41?
14
What is the remainder when 335 is divided by 294?
41
Calculate the remainder when 317 is divided by 72.
29
What is the remainder when 357 is divided by 186?
171
What is the remainder when 7694 is divided by 16?
14
What is the remainder when 4815 is divided by 66?
63
What is the remainder when 2266 is divided by 252?
250
What is the remainder when 12253 is divided by 383?
380
What is the remainder when 687 is divided by 241?
205
What is the remainder when 566 is divided by 21?
20
Calculate the remainder when 750 is divided by 58.
54
What is the remainder when 616 is divided by 38?
8
What is the remainder when 181 is divided by 23?
20
Calculate the remainder when 4318 is divided by 160.
158
What is the remainder when 175 is divided by 16?
15
Calculate the remainder when 26 is divided by 14.
12
What is the remainder when 91 is divided by 50?
41
What is the remainder when 43 is divided by 11?
10
Calculate the remainder when 144 is divided by 55.
34
Calculate the remainder when 91 is divided by 17.
6
What is the remainder when 407 is divided by 17?
16
Calculate the remainder when 109 is divided by 56.
53
Calculate the remainder when 92 is divided by 68.
24
What is the remainder when 446 is divided by 56?
54
What is the remainder when 372 is divided by 11?
9
What is the remainder when 83 is divided by 32?
19
What is the remainder when 1454 is divided by 13?
11
What is the remainder when 311 is divided by 167?
144
Calculate the remainder when 272 is divided by 88.
8
Calculate the remainder when 738 is divided by 151.
134
Calculate the remainder when 71 is divided by 12.
11
What is the remainder when 5803 is divided by 8?
3
What is the remainder when 101 is divided by 42?
17
What is the remainder when 82 is divided by 21?
19
What is the remainder when 12097 is divided by 22?
19
What is the remainder when 3092 is divided by 25?
17
Calculate the remainder when 1634 is divided by 126.
122
Calculate the remainder when 32 is divided by 9.
5
Calculate the remainder when 361 is divided by 176.
9
What is the remainder when 183 is divided by 34?
13
What is the remainder when 912 is divided by 282?
66
What is the remainder when 87 is divided by 39?
9
What is the remainder when 2114 is divided by 46?
44
What is the remainder when 2915 is divided by 971?
2
What is the remainder when 94 is divided by 82?
12
What is the remainder when 72 is divided by 20?
12
Calculate the remainder when 29316 is divided by 107.
105
What is the remainder when 241 is divided by 14?
3
Calculate the remainder when 122 is divided by 24.
2
What is the remainder when 89 is divided by 19?
13
Calculate the remainder when 42 is divided by 18.
6
What is the remainder when 1448 is divided by 313?
196
What is the remainder when 79 is divided by 28?
23
What is the remainder when 1249 is divided by 25?
24
Calculate the remainder when 1406 is divided by 242.
196
What is the remainder when 410 is divided by 23?
19
Calculate the remainder when 8260 is divided by 145.
140
Calculate the remainder when 141 is divided by 39.
24
Calculate the remainder when 246 is divided by 16.
6
What is the remainder when 493 is divided by 21?
10
What is the remainder when 218 is divided by 13?
10
Calculate the remainder when 129 is divided by 22.
19
Calculate the remainder when 50 is divided by 3.
2
Calculate the remainder when 675 is divided by 118.
85
Calculate the remainder when 3872 is divided by 483.
8
What is the remainder when 26 is divided by 21?
5
What is the remainder when 8042 is divided by 27?
23
Calculate the remainder when 44 is divided by 35.
9
What is the remainder when 19145 is divided by 152?
145
Calculate the remainder when 72 is divided by 28.
16
Calculate the remainder when 1256 is divided by 97.
92
What is the remainder when 69 is divided by 20?
9
Calculate the remainder when 6878 is divided by 16.
14
Calculate the remainder when 3083 is divided by 15.
8
Calculate the remainder when 42 is divided by 37.
5
What is the remainder when 1228 is divided by 408?
4
Calculate the remainder when 5049 is divided by 1259.
13
What is the remainder when 123 is divided by 16?
11
What is the remainder when 5181 is divided by 192?
189
Calculate the remainder when 361 is divided by 13.
10
What is the remainder when 3435 is divided by 853?
23
What is the remainder when 107 is divided by 28?
23
What is the remainder when 174 is divided by 8?
6
Calculate the remainder when 177 is divided by 18.
15
Calculate the remainder when 111 is divided by 33.
12
Calculate the remainder when 325 is divided by 20.
5
What is the remainder when 96 is divided by 79?
17
Calculate the remainder when 304 is divided by 82.
58
What is the remainder when 463 is divided by 93?
91
What is the remainder when 244 is divided by 13?
10
What is the remainder when 33 is divided by 20?
13
What is the remainder when 384 is divided by 136?
112
What is the remainder when 384 is divided by 98?
90
What is the remainder when 1866 is divided by 208?
202
What is the remainder when 88 is divided by 22?
0
Calculate the remainder when 333 is divided by 64.
13
Calculate the remainder when 250 is divided by 7.
5
What is the remainder when 870 is divided by 294?
282
What is the remainder when 70 is divided by 14?
0
What is the remainder when 527 is divided by 18?
5
Calculate the remainder when 89 is divided by 18.
17
Calculate the remainder when 65365 is divided by 46.
45
Calculate the remainder when 161 is divided by 28.
21
Calculate the remainder when 595 is divided by 20.
15
What